{"id":432,"date":"2026-01-28T03:16:59","date_gmt":"2026-01-28T08:16:59","guid":{"rendered":"https:\/\/nayelipoveda.shop\/?page_id=432"},"modified":"2026-01-28T05:36:50","modified_gmt":"2026-01-28T10:36:50","slug":"el-blindaje-juridico","status":"publish","type":"page","link":"https:\/\/nayelipoveda.shop\/index.php\/el-viaje-del-libro-en-ecuador\/el-laberinto-tecnico\/el-blindaje-juridico\/","title":{"rendered":"EL BLINDAJE JUR\u00cdDICO"},"content":{"rendered":"\n<p><strong>SENADI y la Propiedad Intelectual<\/strong>.<\/p>\n\n\n\n<p>En el complejo y a menudo vulnerable ecosistema de la comunicaci\u00f3n y las artes, la existencia legal de un libro no se dictamina con la impresi\u00f3n del primer ejemplar, sino con la formalizaci\u00f3n de sus derechos ante las autoridades competentes. El registro ante el Servicio Nacional de Derechos Intelectuales (SENADI) constituye el paso m\u00e1s cr\u00edtico y trascendental en el ciclo de vida de una obra literaria. Lejos de ser un mero formalismo administrativo o un requisito burocr\u00e1tico tedioso, este proceso representa la construcci\u00f3n de un blindaje jur\u00eddico integral y permanente.<\/p>\n\n\n\n<figure class=\"wp-block-image size-full\"><img loading=\"lazy\" decoding=\"async\" width=\"944\" height=\"802\" src=\"https:\/\/nayelipoveda.shop\/wp-content\/uploads\/2026\/01\/WhatsApp-Image-2026-01-28-at-1.26.25-AM.jpeg\" alt=\"\" class=\"wp-image-340\" srcset=\"https:\/\/nayelipoveda.shop\/wp-content\/uploads\/2026\/01\/WhatsApp-Image-2026-01-28-at-1.26.25-AM.jpeg 944w, https:\/\/nayelipoveda.shop\/wp-content\/uploads\/2026\/01\/WhatsApp-Image-2026-01-28-at-1.26.25-AM-300x255.jpeg 300w, https:\/\/nayelipoveda.shop\/wp-content\/uploads\/2026\/01\/WhatsApp-Image-2026-01-28-at-1.26.25-AM-768x652.jpeg 768w\" sizes=\"auto, (max-width: 944px) 100vw, 944px\" \/><\/figure>\n\n\n\n<p>En la era de la hiperconectividad, donde la reproductibilidad digital permite que un texto sea copiado, fragmentado o distribuido globalmente en cuesti\u00f3n de segundos, la protecci\u00f3n de la propiedad intelectual se vuelve la \u00fanica barrera real contra el plagio, la pirater\u00eda y la explotaci\u00f3n no autorizada. El registro ante el SENADI otorga al autor un t\u00edtulo de propiedad que no solo es reconocido dentro de las fronteras ecuatorianas, sino que, gracias a convenios internacionales como el Convenio de Berna, extiende esa protecci\u00f3n a casi todos los pa\u00edses del mundo. Este \u00abescudo legal\u00bb asegura que el esfuerzo intelectual, el tiempo invertido y la visi\u00f3n creativa del escritor sean reconocidos como un activo intangible pero con valor jur\u00eddico y econ\u00f3mico real.<\/p>\n\n\n\n<p>Este blindaje jur\u00eddico trasciende la simple prevenci\u00f3n del robo; es, en esencia, la herramienta que permite al autor ejercer su soberan\u00eda creativa. Al formalizar su obra, el creador adquiere la facultad legal de decidir qui\u00e9n puede reproducir, traducir o adaptar su contenido, permiti\u00e9ndole negociar contratos de edici\u00f3n y distribuci\u00f3n desde una posici\u00f3n de seguridad. Sin este registro, cualquier intento de defensa ante tribunales o plataformas digitales carece de fundamento, dejando el trabajo de una vida a merced de la informalidad. Por lo tanto, el SENADI no solo custodia papeles; custodia la identidad y el patrimonio del escritor, garantizando que el acto de escribir no sea solo un ejercicio de libertad de expresi\u00f3n, sino un ejercicio de derecho protegido por el Estado.<\/p>\n\n\n\n<figure class=\"wp-block-pullquote\"><blockquote><p>\u00abEl registro de propiedad intelectual es el puente entre el acto \u00edntimo de la creaci\u00f3n y la seguridad de la vida p\u00fablica de una obra; es el \u00fanico recurso que garantiza que el autor sea el due\u00f1o eterno de su propia voz.\u00bb<\/p><\/blockquote><\/figure>\n\n\n\n<div class=\"wp-block-buttons is-layout-flex wp-block-buttons-is-layout-flex\">\n<div class=\"wp-block-button\"><a class=\"wp-block-button__link wp-element-button\" href=\"https:\/\/nayelipoveda.shop\/index.php\/el-laberinto-tecnico\/el-blindaje-juridico\/el-derecho-de-autor-como-activo-real\/\">EL DERECHO DE AUTOR COMO ACTIVO REAL<\/a><\/div>\n\n\n\n<div class=\"wp-block-button\"><a class=\"wp-block-button__link wp-element-button\" href=\"https:\/\/nayelipoveda.shop\/index.php\/el-laberinto-tecnico\/\">ATR\u00c1S<\/a><\/div>\n<\/div>\n","protected":false},"excerpt":{"rendered":"<p>SENADI y la Propiedad Intelectual. En el complejo y a menudo vulnerable ecosistema de la comunicaci\u00f3n y las artes, la<\/p>\n<p><a href=\"https:\/\/nayelipoveda.shop\/index.php\/el-viaje-del-libro-en-ecuador\/el-laberinto-tecnico\/el-blindaje-juridico\/\" class=\"more-link\">Contin\u00faa leyendo&#8230;<span class=\"screen-reader-text\">EL BLINDAJE JUR\u00cdDICO<\/span><\/a><\/p>\n","protected":false},"author":1,"featured_media":0,"parent":388,"menu_order":1,"comment_status":"closed","ping_status":"closed","template":"","meta":{"footnotes":""},"class_list":["post-432","page","type-page","status-publish","hentry"],"_links":{"self":[{"href":"https:\/\/nayelipoveda.shop\/index.php\/wp-json\/wp\/v2\/pages\/432","targetHints":{"allow":["GET"]}}],"collection":[{"href":"https:\/\/nayelipoveda.shop\/index.php\/wp-json\/wp\/v2\/pages"}],"about":[{"href":"https:\/\/nayelipoveda.shop\/index.php\/wp-json\/wp\/v2\/types\/page"}],"author":[{"embeddable":true,"href":"https:\/\/nayelipoveda.shop\/index.php\/wp-json\/wp\/v2\/users\/1"}],"replies":[{"embeddable":true,"href":"https:\/\/nayelipoveda.shop\/index.php\/wp-json\/wp\/v2\/comments?post=432"}],"version-history":[{"count":3,"href":"https:\/\/nayelipoveda.shop\/index.php\/wp-json\/wp\/v2\/pages\/432\/revisions"}],"predecessor-version":[{"id":494,"href":"https:\/\/nayelipoveda.shop\/index.php\/wp-json\/wp\/v2\/pages\/432\/revisions\/494"}],"up":[{"embeddable":true,"href":"https:\/\/nayelipoveda.shop\/index.php\/wp-json\/wp\/v2\/pages\/388"}],"wp:attachment":[{"href":"https:\/\/nayelipoveda.shop\/index.php\/wp-json\/wp\/v2\/media?parent=432"}],"curies":[{"name":"wp","href":"https:\/\/api.w.org\/{rel}","templated":true}]}}