{"id":430,"date":"2026-01-28T03:16:20","date_gmt":"2026-01-28T08:16:20","guid":{"rendered":"https:\/\/nayelipoveda.shop\/?page_id=430"},"modified":"2026-01-28T06:00:34","modified_gmt":"2026-01-28T11:00:34","slug":"el-precio-de-la-calidad","status":"publish","type":"page","link":"https:\/\/nayelipoveda.shop\/index.php\/el-viaje-del-libro-en-ecuador\/la-industria-editorial-y-sus-desafios-economicos\/la-ley-de-la-escala\/el-precio-de-la-calidad\/","title":{"rendered":"EL PRECIO DE LA CALIDAD"},"content":{"rendered":"\n<p><strong>El Libro frente a la Canasta B\u00e1sica<\/strong>.<\/p>\n\n\n\n<p>En la econom\u00eda dom\u00e9stica del Ecuador actual, el consumo cultural no es una actividad aislada, sino una decisi\u00f3n que compite directamente con las necesidades de supervivencia. Aqu\u00ed es donde surge la verdadera tragedia del mercado editorial: el dilema del acceso. Cuando un libro de autor nacional, producido con est\u00e1ndares de alta calidad por una editorial independiente, alcanza un precio de 25 d\u00f3lares, deja de ser un simple objeto de consumo para convertirse en una inversi\u00f3n significativa que equivale, en muchos casos, al presupuesto de alimentaci\u00f3n de varios d\u00edas para una familia promedio.<\/p>\n\n\n\n<p>Esta brecha econ\u00f3mica genera una distorsi\u00f3n en la percepci\u00f3n del valor cultural. El lector de a pie se enfrenta a una encrucijada desigual: elegir entre el libro original de un sello local que sostiene toda una cadena de valor de editores, correctores y dise\u00f1adores ecuatorianos o sucumbir a la oferta del mercado informal y la pirater\u00eda, donde los ejemplares importados masivamente o reproducidos ilegalmente se venden por una fracci\u00f3n del precio. No es que el lector no valore el talento nacional; es que el sistema de costos de producci\u00f3n, al no contar con subsidios al papel o incentivos estatales de peso, termina \u00abcastigando\u00bb al ciudadano que desea apoyar la cultura de su propio pa\u00eds.<\/p>\n\n\n<div class=\"wp-block-image\">\n<figure class=\"aligncenter size-full\"><img loading=\"lazy\" decoding=\"async\" width=\"897\" height=\"733\" src=\"https:\/\/nayelipoveda.shop\/wp-content\/uploads\/2026\/01\/WhatsApp-Image-2026-01-28-at-1.04.53-AM.jpeg\" alt=\"\" class=\"wp-image-337\" srcset=\"https:\/\/nayelipoveda.shop\/wp-content\/uploads\/2026\/01\/WhatsApp-Image-2026-01-28-at-1.04.53-AM.jpeg 897w, https:\/\/nayelipoveda.shop\/wp-content\/uploads\/2026\/01\/WhatsApp-Image-2026-01-28-at-1.04.53-AM-300x245.jpeg 300w, https:\/\/nayelipoveda.shop\/wp-content\/uploads\/2026\/01\/WhatsApp-Image-2026-01-28-at-1.04.53-AM-768x628.jpeg 768w\" sizes=\"auto, (max-width: 897px) 100vw, 897px\" \/><\/figure>\n<\/div>\n\n\n<p>Analizar el precio de la calidad implica reconocer que, sin pol\u00edticas p\u00fablicas que nivelen la cancha, el libro ecuatoriano seguir\u00e1 siendo segregado como un art\u00edculo de lujo. El desaf\u00edo para las editoriales independientes en este escenario es casi pedag\u00f3gico: deben convencer a una audiencia con recursos limitados de que pagar esos 25 d\u00f3lares no es solo comprar un objeto de papel, sino financiar la existencia de una voz propia que el mercado masivo se niega a escuchar. Es la batalla final de la industria: lograr que la cultura sea vista como un alimento tan esencial como el de la canasta b\u00e1sica, a pesar de que el precio sugiera lo contrario.<\/p>\n\n\n\n<figure class=\"wp-block-pullquote\"><blockquote><p>\u00abEn un pa\u00eds donde el libro compite contra el almuerzo, cada venta de una editorial independiente es un milagro econ\u00f3mico y un voto de confianza por la identidad nacional.\u00bb<\/p><\/blockquote><\/figure>\n\n\n\n<div class=\"wp-block-buttons is-layout-flex wp-block-buttons-is-layout-flex\">\n<div class=\"wp-block-button\"><a class=\"wp-block-button__link wp-element-button\" href=\"https:\/\/nayelipoveda.shop\/index.php\/el-viaje-del-libro-en-ecuador\/la-industria-editorial-y-sus-desafios-economicos\/la-ley-de-la-escala\/\">ATR\u00c1S<\/a><\/div>\n<\/div>\n","protected":false},"excerpt":{"rendered":"<p>El Libro frente a la Canasta B\u00e1sica. En la econom\u00eda dom\u00e9stica del Ecuador actual, el consumo cultural no es una<\/p>\n<p><a href=\"https:\/\/nayelipoveda.shop\/index.php\/el-viaje-del-libro-en-ecuador\/la-industria-editorial-y-sus-desafios-economicos\/la-ley-de-la-escala\/el-precio-de-la-calidad\/\" class=\"more-link\">Contin\u00faa leyendo&#8230;<span class=\"screen-reader-text\">EL PRECIO DE LA CALIDAD<\/span><\/a><\/p>\n","protected":false},"author":1,"featured_media":0,"parent":418,"menu_order":1,"comment_status":"closed","ping_status":"closed","template":"","meta":{"footnotes":""},"class_list":["post-430","page","type-page","status-publish","hentry"],"_links":{"self":[{"href":"https:\/\/nayelipoveda.shop\/index.php\/wp-json\/wp\/v2\/pages\/430","targetHints":{"allow":["GET"]}}],"collection":[{"href":"https:\/\/nayelipoveda.shop\/index.php\/wp-json\/wp\/v2\/pages"}],"about":[{"href":"https:\/\/nayelipoveda.shop\/index.php\/wp-json\/wp\/v2\/types\/page"}],"author":[{"embeddable":true,"href":"https:\/\/nayelipoveda.shop\/index.php\/wp-json\/wp\/v2\/users\/1"}],"replies":[{"embeddable":true,"href":"https:\/\/nayelipoveda.shop\/index.php\/wp-json\/wp\/v2\/comments?post=430"}],"version-history":[{"count":2,"href":"https:\/\/nayelipoveda.shop\/index.php\/wp-json\/wp\/v2\/pages\/430\/revisions"}],"predecessor-version":[{"id":513,"href":"https:\/\/nayelipoveda.shop\/index.php\/wp-json\/wp\/v2\/pages\/430\/revisions\/513"}],"up":[{"embeddable":true,"href":"https:\/\/nayelipoveda.shop\/index.php\/wp-json\/wp\/v2\/pages\/418"}],"wp:attachment":[{"href":"https:\/\/nayelipoveda.shop\/index.php\/wp-json\/wp\/v2\/media?parent=430"}],"curies":[{"name":"wp","href":"https:\/\/api.w.org\/{rel}","templated":true}]}}