{"id":428,"date":"2026-01-28T03:15:38","date_gmt":"2026-01-28T08:15:38","guid":{"rendered":"https:\/\/nayelipoveda.shop\/?page_id=428"},"modified":"2026-01-28T05:58:12","modified_gmt":"2026-01-28T10:58:12","slug":"la-huella-economica-del-insumo-importado","status":"publish","type":"page","link":"https:\/\/nayelipoveda.shop\/index.php\/el-viaje-del-libro-en-ecuador\/la-industria-editorial-y-sus-desafios-economicos\/el-mapa-de-la-independencia\/la-huella-economica-del-insumo-importado\/","title":{"rendered":"LA HUELLA ECON\u00d3MICA DEL INSUMO IMPORTADO"},"content":{"rendered":"\n<p><strong>La Barrera Invisible<\/strong>.<\/p>\n\n\n\n<figure class=\"wp-block-image size-full\"><img loading=\"lazy\" decoding=\"async\" width=\"1024\" height=\"934\" src=\"https:\/\/nayelipoveda.shop\/wp-content\/uploads\/2026\/01\/WhatsApp-Image-2026-01-28-at-1.00.01-AM.jpeg\" alt=\"\" class=\"wp-image-334\" srcset=\"https:\/\/nayelipoveda.shop\/wp-content\/uploads\/2026\/01\/WhatsApp-Image-2026-01-28-at-1.00.01-AM.jpeg 1024w, https:\/\/nayelipoveda.shop\/wp-content\/uploads\/2026\/01\/WhatsApp-Image-2026-01-28-at-1.00.01-AM-300x274.jpeg 300w, https:\/\/nayelipoveda.shop\/wp-content\/uploads\/2026\/01\/WhatsApp-Image-2026-01-28-at-1.00.01-AM-768x701.jpeg 768w\" sizes=\"auto, (max-width: 1024px) 100vw, 1024px\" \/><\/figure>\n\n\n\n<p>El libro ecuatoriano es, antes de ser una experiencia est\u00e9tica, un complejo producto de log\u00edstica internacional. La dependencia del 100% de papel importado genera una \u00abhuella econ\u00f3mica\u00bb que el lector promedio rara vez percibe, pero que el editor independiente enfrenta en cada factura. Esta realidad significa que la bibliodiversidad del pa\u00eds est\u00e1 encadenada a factores externos que nada tienen que ver con la literatura: desde las tensiones geopol\u00edticas en el Mar de China hasta la disponibilidad de contenedores en los puertos de Finlandia o Brasil.<\/p>\n\n\n\n<p>No se trata solo del precio del papel en el mercado global; se trata del costo de traerlo a la mitad del mundo. Los fletes mar\u00edtimos, los seguros de carga y los tr\u00e1mites aduaneros act\u00faan como una \u00abbarrera invisible\u00bb que encarece el producto antes de que la primera palabra sea impresa. Mientras que otros pa\u00edses de la regi\u00f3n cuentan con industrias de celulosa subsidiadas o protegidas, el editor en Ecuador debe navegar un sistema arancelario que, ir\u00f3nicamente, suele ser m\u00e1s benevolente con el libro importado que con la materia prima para fabricarlo en casa.<\/p>\n\n\n\n<p>Esta fragilidad log\u00edstica se hizo evidente durante las recientes crisis de suministros globales, donde el costo de las resmas de papel editorial se dispar\u00f3, obligando a muchos sellos a postergar lanzamientos o a reducir la calidad de sus acabados para mantener un precio competitivo. As\u00ed, la \u00abTiran\u00eda del Papel\u00bb no es solo una frase metaf\u00f3rica; es una limitaci\u00f3n f\u00edsica que dicta qu\u00e9 se puede publicar, en qu\u00e9 formato y a qu\u00e9 costo, convirtiendo la producci\u00f3n editorial local en una lucha constante contra la geograf\u00eda y la balanza comercial.<\/p>\n\n\n\n<figure class=\"wp-block-pullquote\"><blockquote><p>\u00abEl libro ecuatoriano nace con una deuda geogr\u00e1fica: antes de llegar a la mente del lector, debe pagar el peaje de un sistema global que trata al papel como un lujo y no como una necesidad cultural.\u00bb<\/p><\/blockquote><\/figure>\n\n\n\n<div class=\"wp-block-buttons is-layout-flex wp-block-buttons-is-layout-flex\">\n<div class=\"wp-block-button\"><a class=\"wp-block-button__link wp-element-button\" href=\"https:\/\/nayelipoveda.shop\/index.php\/el-viaje-del-libro-en-ecuador\/la-industria-editorial-y-sus-desafios-economicos\/el-mapa-de-la-independencia\/\">ATR\u00c1S<\/a><\/div>\n<\/div>\n","protected":false},"excerpt":{"rendered":"<p>La Barrera Invisible. El libro ecuatoriano es, antes de ser una experiencia est\u00e9tica, un complejo producto de log\u00edstica internacional. La<\/p>\n<p><a href=\"https:\/\/nayelipoveda.shop\/index.php\/el-viaje-del-libro-en-ecuador\/la-industria-editorial-y-sus-desafios-economicos\/el-mapa-de-la-independencia\/la-huella-economica-del-insumo-importado\/\" class=\"more-link\">Contin\u00faa leyendo&#8230;<span class=\"screen-reader-text\">LA HUELLA ECON\u00d3MICA DEL INSUMO IMPORTADO<\/span><\/a><\/p>\n","protected":false},"author":1,"featured_media":0,"parent":412,"menu_order":1,"comment_status":"closed","ping_status":"closed","template":"","meta":{"footnotes":""},"class_list":["post-428","page","type-page","status-publish","hentry"],"_links":{"self":[{"href":"https:\/\/nayelipoveda.shop\/index.php\/wp-json\/wp\/v2\/pages\/428","targetHints":{"allow":["GET"]}}],"collection":[{"href":"https:\/\/nayelipoveda.shop\/index.php\/wp-json\/wp\/v2\/pages"}],"about":[{"href":"https:\/\/nayelipoveda.shop\/index.php\/wp-json\/wp\/v2\/types\/page"}],"author":[{"embeddable":true,"href":"https:\/\/nayelipoveda.shop\/index.php\/wp-json\/wp\/v2\/users\/1"}],"replies":[{"embeddable":true,"href":"https:\/\/nayelipoveda.shop\/index.php\/wp-json\/wp\/v2\/comments?post=428"}],"version-history":[{"count":2,"href":"https:\/\/nayelipoveda.shop\/index.php\/wp-json\/wp\/v2\/pages\/428\/revisions"}],"predecessor-version":[{"id":511,"href":"https:\/\/nayelipoveda.shop\/index.php\/wp-json\/wp\/v2\/pages\/428\/revisions\/511"}],"up":[{"embeddable":true,"href":"https:\/\/nayelipoveda.shop\/index.php\/wp-json\/wp\/v2\/pages\/412"}],"wp:attachment":[{"href":"https:\/\/nayelipoveda.shop\/index.php\/wp-json\/wp\/v2\/media?parent=428"}],"curies":[{"name":"wp","href":"https:\/\/api.w.org\/{rel}","templated":true}]}}