{"id":404,"date":"2026-01-28T03:06:03","date_gmt":"2026-01-28T08:06:03","guid":{"rendered":"https:\/\/nayelipoveda.shop\/?page_id=404"},"modified":"2026-01-28T06:03:46","modified_gmt":"2026-01-28T11:03:46","slug":"micro-audiencias-y-la-economia-de-la-confianza","status":"publish","type":"page","link":"https:\/\/nayelipoveda.shop\/index.php\/el-viaje-del-libro-en-ecuador\/la-situacion-literaria-nacional\/rutas-alternativas\/micro-audiencias-y-la-economia-de-la-confianza\/","title":{"rendered":"MICRO-AUDIENCIAS Y LA ECONOM\u00cdA DE LA CONFIANZA"},"content":{"rendered":"\n<p>n un mercado saturado por las grandes transnacionales del libro, las editoriales independientes de Ecuador han dejado de competir por volumen para enfocarse en la fidelidad. Este fen\u00f3meno ha dado paso a lo que analistas denominan la \u00abEconom\u00eda de la Confianza\u00bb. En este modelo, el \u00e9xito de un t\u00edtulo ya no depende de su visibilidad en las vitrinas de los centros comerciales o de costosas campa\u00f1as de marketing, sino de su capacidad para generar un sentido de pertenencia dentro de comunidades org\u00e1nicas o nichos culturales espec\u00edficos.<\/p>\n\n\n\n<figure class=\"wp-block-image size-full\"><img loading=\"lazy\" decoding=\"async\" width=\"1024\" height=\"928\" src=\"https:\/\/nayelipoveda.shop\/wp-content\/uploads\/2026\/01\/WhatsApp-Image-2026-01-27-at-11.33.22-PM.jpeg\" alt=\"\" class=\"wp-image-313\" srcset=\"https:\/\/nayelipoveda.shop\/wp-content\/uploads\/2026\/01\/WhatsApp-Image-2026-01-27-at-11.33.22-PM.jpeg 1024w, https:\/\/nayelipoveda.shop\/wp-content\/uploads\/2026\/01\/WhatsApp-Image-2026-01-27-at-11.33.22-PM-300x272.jpeg 300w, https:\/\/nayelipoveda.shop\/wp-content\/uploads\/2026\/01\/WhatsApp-Image-2026-01-27-at-11.33.22-PM-768x696.jpeg 768w\" sizes=\"auto, (max-width: 1024px) 100vw, 1024px\" \/><\/figure>\n\n\n\n<p>El surgimiento de clubes de lectura autogestionados y el poder de recomendaci\u00f3n en redes sociales (<em>BookTok<\/em>, Instagram) han desplazado al antiguo cr\u00edtico literario del peri\u00f3dico como el \u00fanico legitimador de la obra. Ahora, la validaci\u00f3n viene del par, del amigo digital o de la comunidad de lectura. Esta red de micro-audiencias permite que sellos como <em>Turbina<\/em>, <em>Catafixia<\/em> o <em>Kuychi<\/em> logren agotar tirajes de 300 o 500 ejemplares en tiempo r\u00e9cord, ya que el libro funciona como un s\u00edmbolo de identidad y resistencia cultural. La distribuci\u00f3n ha pasado de ser una batalla log\u00edstica de bodegas y camiones a ser una gesti\u00f3n estrat\u00e9gica de relaciones humanas y lealtad est\u00e9tica, donde el lector no solo compra un producto, sino que financia la existencia de una voz que lo representa.<\/p>\n\n\n\n<figure class=\"wp-block-pullquote\"><blockquote><p>\u00abEn un mercado de masas, el libro independiente sobrevive porque ha dejado de ser una mercanc\u00eda para convertirse en el tejido que une a una comunidad.\u00bb<\/p><\/blockquote><\/figure>\n\n\n\n<div class=\"wp-block-buttons is-layout-flex wp-block-buttons-is-layout-flex\">\n<div class=\"wp-block-button\"><a class=\"wp-block-button__link wp-element-button\" href=\"https:\/\/nayelipoveda.shop\/index.php\/el-viaje-del-libro-en-ecuador\/la-situacion-literaria-nacional\/rutas-alternativas\/\">ATR\u00c1S<\/a><\/div>\n<\/div>\n","protected":false},"excerpt":{"rendered":"<p>n un mercado saturado por las grandes transnacionales del libro, las editoriales independientes de Ecuador han dejado de competir por<\/p>\n<p><a href=\"https:\/\/nayelipoveda.shop\/index.php\/el-viaje-del-libro-en-ecuador\/la-situacion-literaria-nacional\/rutas-alternativas\/micro-audiencias-y-la-economia-de-la-confianza\/\" class=\"more-link\">Contin\u00faa leyendo&#8230;<span class=\"screen-reader-text\">MICRO-AUDIENCIAS Y LA ECONOM\u00cdA DE LA CONFIANZA<\/span><\/a><\/p>\n","protected":false},"author":1,"featured_media":0,"parent":398,"menu_order":1,"comment_status":"closed","ping_status":"closed","template":"","meta":{"footnotes":""},"class_list":["post-404","page","type-page","status-publish","hentry"],"_links":{"self":[{"href":"https:\/\/nayelipoveda.shop\/index.php\/wp-json\/wp\/v2\/pages\/404","targetHints":{"allow":["GET"]}}],"collection":[{"href":"https:\/\/nayelipoveda.shop\/index.php\/wp-json\/wp\/v2\/pages"}],"about":[{"href":"https:\/\/nayelipoveda.shop\/index.php\/wp-json\/wp\/v2\/types\/page"}],"author":[{"embeddable":true,"href":"https:\/\/nayelipoveda.shop\/index.php\/wp-json\/wp\/v2\/users\/1"}],"replies":[{"embeddable":true,"href":"https:\/\/nayelipoveda.shop\/index.php\/wp-json\/wp\/v2\/comments?post=404"}],"version-history":[{"count":2,"href":"https:\/\/nayelipoveda.shop\/index.php\/wp-json\/wp\/v2\/pages\/404\/revisions"}],"predecessor-version":[{"id":516,"href":"https:\/\/nayelipoveda.shop\/index.php\/wp-json\/wp\/v2\/pages\/404\/revisions\/516"}],"up":[{"embeddable":true,"href":"https:\/\/nayelipoveda.shop\/index.php\/wp-json\/wp\/v2\/pages\/398"}],"wp:attachment":[{"href":"https:\/\/nayelipoveda.shop\/index.php\/wp-json\/wp\/v2\/media?parent=404"}],"curies":[{"name":"wp","href":"https:\/\/api.w.org\/{rel}","templated":true}]}}