{"id":394,"date":"2026-01-28T03:01:59","date_gmt":"2026-01-28T08:01:59","guid":{"rendered":"https:\/\/nayelipoveda.shop\/?page_id=394"},"modified":"2026-01-28T05:20:22","modified_gmt":"2026-01-28T10:20:22","slug":"del-realismo-social-al-gotico-andino","status":"publish","type":"page","link":"https:\/\/nayelipoveda.shop\/index.php\/el-viaje-del-libro-en-ecuador\/la-situacion-literaria-nacional\/del-realismo-social-al-gotico-andino\/","title":{"rendered":"DEL REALISMO SOCIAL AL G\u00d3TICO ANDINO"},"content":{"rendered":"\n<p><strong>La nueva identidad de las letras<\/strong><\/p>\n\n\n\n<div class=\"wp-block-group is-nowrap is-layout-flex wp-container-core-group-is-layout-ad2f72ca wp-block-group-is-layout-flex\">\n<div class=\"wp-block-media-text is-stacked-on-mobile\"><figure class=\"wp-block-media-text__media\"><img loading=\"lazy\" decoding=\"async\" width=\"410\" height=\"1024\" src=\"https:\/\/nayelipoveda.shop\/wp-content\/uploads\/2026\/01\/Infografia-Finanzas-y-Economia-Moderno-Blanco-y-Negro-410x1024.png\" alt=\"\" class=\"wp-image-300 size-full\" srcset=\"https:\/\/nayelipoveda.shop\/wp-content\/uploads\/2026\/01\/Infografia-Finanzas-y-Economia-Moderno-Blanco-y-Negro-410x1024.png 410w, https:\/\/nayelipoveda.shop\/wp-content\/uploads\/2026\/01\/Infografia-Finanzas-y-Economia-Moderno-Blanco-y-Negro-120x300.png 120w, https:\/\/nayelipoveda.shop\/wp-content\/uploads\/2026\/01\/Infografia-Finanzas-y-Economia-Moderno-Blanco-y-Negro-768x1920.png 768w, https:\/\/nayelipoveda.shop\/wp-content\/uploads\/2026\/01\/Infografia-Finanzas-y-Economia-Moderno-Blanco-y-Negro.png 800w\" sizes=\"auto, (max-width: 410px) 100vw, 410px\" \/><\/figure><div class=\"wp-block-media-text__content\">\n<p>El panorama literario ecuatoriano ha experimentado una metamorfosis profunda. Durante d\u00e9cadas, la sombra de la \u00abGeneraci\u00f3n del 30\u00bb y su realismo social centrado en la denuncia pol\u00edtica y la explotaci\u00f3n del campesinado defini\u00f3 lo que se entend\u00eda por literatura nacional. Sin embargo, en los \u00faltimos quince a\u00f1os, se ha gestado una ruptura est\u00e9tica liderada mayoritariamente por mujeres. Esta nueva narrativa ha dejado de lado el costumbrismo para explorar las sombras de lo dom\u00e9stico, la violencia de g\u00e9nero y lo sobrenatural desde una \u00f3ptica local.<\/p>\n\n\n\n<p>El fen\u00f3meno del G\u00f3tico Andino no es solo una etiqueta de marketing; es una respuesta cultural. Autoras como M\u00f3nica Ojeda y Mar\u00eda Fernanda Ampuero han logrado lo que parec\u00eda imposible: que la periferia hable con voz propia y sea escuchada en los centros de poder editorial. En obras como <em>Nefando<\/em> o <em>Pelea de gallos<\/em>, el horror no proviene de castillos medievales o vampiros europeos, sino de las quebradas de la cordillera, de los ritos ancestrales y de la claustrofobia de las familias tradicionales ecuatorianas.<\/p>\n<\/div><\/div>\n<\/div>\n\n\n\n<p>Esta \u00abnueva identidad\u00bb tambi\u00e9n se ha abierto a la ciencia ficci\u00f3n especulativa y a la cr\u00f3nica descarnada, g\u00e9neros que antes se consideraban menores o extranjeros. No obstante, este prestigio internacional vive una realidad agridulce en casa. Mientras el mundo acad\u00e9mico y los jurados de premios internacionales aplauden estas obras, el mercado local lucha contra una distribuci\u00f3n deficiente y una percepci\u00f3n del libro como un objeto de lujo o meramente escolar. La paradoja es clara: escribimos para el mundo, pero nuestro gran reto sigue siendo ser le\u00eddos de forma masiva en nuestras propias provincias.<\/p>\n\n\n\n<div class=\"wp-block-buttons is-layout-flex wp-block-buttons-is-layout-flex\">\n<div class=\"wp-block-button\"><a class=\"wp-block-button__link wp-element-button\" href=\"https:\/\/nayelipoveda.shop\/index.php\/el-viaje-del-libro-en-ecuador\/la-situacion-literaria-nacional\/del-realismo-social-al-gotico-andino\/la-reivindicacion-de-lo-monstruoso-y-el-terror-de-lo-cotidiano\/\">LA REIVINDICACI\u00d3N DE LO MONSTRUOSO Y EL TERROR DE LO COTIDIANO<\/a><\/div>\n\n\n\n<div class=\"wp-block-button\"><a class=\"wp-block-button__link wp-element-button\" href=\"https:\/\/nayelipoveda.shop\/index.php\/el-viaje-del-libro-en-ecuador\/la-situacion-literaria-nacional\/\">ATR\u00c1S<\/a><\/div>\n<\/div>\n\n\n\n<p><\/p>\n","protected":false},"excerpt":{"rendered":"<p>La nueva identidad de las letras El panorama literario ecuatoriano ha experimentado una metamorfosis profunda. Durante d\u00e9cadas, la sombra de<\/p>\n<p><a href=\"https:\/\/nayelipoveda.shop\/index.php\/el-viaje-del-libro-en-ecuador\/la-situacion-literaria-nacional\/del-realismo-social-al-gotico-andino\/\" class=\"more-link\">Contin\u00faa leyendo&#8230;<span class=\"screen-reader-text\">DEL REALISMO SOCIAL AL G\u00d3TICO ANDINO<\/span><\/a><\/p>\n","protected":false},"author":1,"featured_media":0,"parent":380,"menu_order":1,"comment_status":"closed","ping_status":"closed","template":"","meta":{"footnotes":""},"class_list":["post-394","page","type-page","status-publish","hentry"],"_links":{"self":[{"href":"https:\/\/nayelipoveda.shop\/index.php\/wp-json\/wp\/v2\/pages\/394","targetHints":{"allow":["GET"]}}],"collection":[{"href":"https:\/\/nayelipoveda.shop\/index.php\/wp-json\/wp\/v2\/pages"}],"about":[{"href":"https:\/\/nayelipoveda.shop\/index.php\/wp-json\/wp\/v2\/types\/page"}],"author":[{"embeddable":true,"href":"https:\/\/nayelipoveda.shop\/index.php\/wp-json\/wp\/v2\/users\/1"}],"replies":[{"embeddable":true,"href":"https:\/\/nayelipoveda.shop\/index.php\/wp-json\/wp\/v2\/comments?post=394"}],"version-history":[{"count":4,"href":"https:\/\/nayelipoveda.shop\/index.php\/wp-json\/wp\/v2\/pages\/394\/revisions"}],"predecessor-version":[{"id":482,"href":"https:\/\/nayelipoveda.shop\/index.php\/wp-json\/wp\/v2\/pages\/394\/revisions\/482"}],"up":[{"embeddable":true,"href":"https:\/\/nayelipoveda.shop\/index.php\/wp-json\/wp\/v2\/pages\/380"}],"wp:attachment":[{"href":"https:\/\/nayelipoveda.shop\/index.php\/wp-json\/wp\/v2\/media?parent=394"}],"curies":[{"name":"wp","href":"https:\/\/api.w.org\/{rel}","templated":true}]}}