{"id":2,"date":"2025-11-12T08:04:40","date_gmt":"2025-11-12T13:04:40","guid":{"rendered":"https:\/\/nayelipoveda.shop\/?page_id=2"},"modified":"2026-01-21T23:50:19","modified_gmt":"2026-01-22T04:50:19","slug":"pagina-ejemplo","status":"publish","type":"page","link":"https:\/\/nayelipoveda.shop\/index.php\/pagina-ejemplo\/","title":{"rendered":"ANDROMEDA"},"content":{"rendered":"\n<p><strong>Andromeda<\/strong> es un espacio de divulgaci\u00f3n literaria nacido bajo el lema <em>\ud835\udcd2\ud835\udcea\ud835\udcfb\ud835\udcf9\ud835\udcee \ud835\udcd3\ud835\udcf2\ud835\udcee\ud835\udcf6<\/em>, dedicado a explorar la riqueza de la narrativa en todas sus formas. Desde el an\u00e1lisis de autores cl\u00e1sicos hasta las tendencias actuales en adaptaciones y g\u00e9neros, este proyecto busca conectar a los lectores con la esencia de las historias, transformando la curiosidad en un viaje de descubrimiento a trav\u00e9s del tiempo y la palabra escrita.<\/p>\n\n\n\n<figure class=\"wp-block-image size-full\"><img loading=\"lazy\" decoding=\"async\" width=\"1024\" height=\"931\" src=\"https:\/\/nayelipoveda.shop\/wp-content\/uploads\/2026\/01\/WhatsApp-Image-2026-01-21-at-11.49.37-PM.jpeg\" alt=\"\" class=\"wp-image-251\" srcset=\"https:\/\/nayelipoveda.shop\/wp-content\/uploads\/2026\/01\/WhatsApp-Image-2026-01-21-at-11.49.37-PM.jpeg 1024w, https:\/\/nayelipoveda.shop\/wp-content\/uploads\/2026\/01\/WhatsApp-Image-2026-01-21-at-11.49.37-PM-300x273.jpeg 300w, https:\/\/nayelipoveda.shop\/wp-content\/uploads\/2026\/01\/WhatsApp-Image-2026-01-21-at-11.49.37-PM-768x698.jpeg 768w\" sizes=\"auto, (max-width: 1024px) 100vw, 1024px\" \/><\/figure>\n","protected":false},"excerpt":{"rendered":"<p>Andromeda es un espacio de divulgaci\u00f3n literaria nacido bajo el lema \ud835\udcd2\ud835\udcea\ud835\udcfb\ud835\udcf9\ud835\udcee \ud835\udcd3\ud835\udcf2\ud835\udcee\ud835\udcf6, dedicado a explorar la riqueza de la<\/p>\n<p><a href=\"https:\/\/nayelipoveda.shop\/index.php\/pagina-ejemplo\/\" class=\"more-link\">Contin\u00faa leyendo&#8230;<span class=\"screen-reader-text\">ANDROMEDA<\/span><\/a><\/p>\n","protected":false},"author":1,"featured_media":0,"parent":0,"menu_order":0,"comment_status":"closed","ping_status":"closed","template":"","meta":{"footnotes":""},"class_list":["post-2","page","type-page","status-publish","hentry"],"_links":{"self":[{"href":"https:\/\/nayelipoveda.shop\/index.php\/wp-json\/wp\/v2\/pages\/2","targetHints":{"allow":["GET"]}}],"collection":[{"href":"https:\/\/nayelipoveda.shop\/index.php\/wp-json\/wp\/v2\/pages"}],"about":[{"href":"https:\/\/nayelipoveda.shop\/index.php\/wp-json\/wp\/v2\/types\/page"}],"author":[{"embeddable":true,"href":"https:\/\/nayelipoveda.shop\/index.php\/wp-json\/wp\/v2\/users\/1"}],"replies":[{"embeddable":true,"href":"https:\/\/nayelipoveda.shop\/index.php\/wp-json\/wp\/v2\/comments?post=2"}],"version-history":[{"count":9,"href":"https:\/\/nayelipoveda.shop\/index.php\/wp-json\/wp\/v2\/pages\/2\/revisions"}],"predecessor-version":[{"id":252,"href":"https:\/\/nayelipoveda.shop\/index.php\/wp-json\/wp\/v2\/pages\/2\/revisions\/252"}],"wp:attachment":[{"href":"https:\/\/nayelipoveda.shop\/index.php\/wp-json\/wp\/v2\/media?parent=2"}],"curies":[{"name":"wp","href":"https:\/\/api.w.org\/{rel}","templated":true}]}}